{"id":11,"date":"2014-04-08T10:53:22","date_gmt":"2014-04-08T07:53:22","guid":{"rendered":"http:\/\/www.gencisil.com\/?page_id=11"},"modified":"2014-04-13T17:34:48","modified_gmt":"2014-04-13T14:34:48","slug":"urunlerimiz","status":"publish","type":"page","link":"https:\/\/www.gencisil.com\/?page_id=11","title":{"rendered":"\u00dcR\u00dcNLER\u0130M\u0130Z"},"content":{"rendered":"\n\t\t<style type=\"text\/css\">\n\t\t\t#gallery-1 {\n\t\t\t\tmargin: auto;\n\t\t\t}\n\t\t\t#gallery-1 .gallery-item {\n\t\t\t\tfloat: left;\n\t\t\t\tmargin-top: 10px;\n\t\t\t\ttext-align: center;\n\t\t\t\twidth: 33%;\n\t\t\t}\n\t\t\t#gallery-1 img {\n\t\t\t\tborder: 2px solid #cfcfcf;\n\t\t\t}\n\t\t\t#gallery-1 .gallery-caption {\n\t\t\t\tmargin-left: 0;\n\t\t\t}\n\t\t\t\/* see gallery_shortcode() in wp-includes\/media.php *\/\n\t\t<\/style>\n\t\t<div id='gallery-1' class='gallery galleryid-11 gallery-columns-3 gallery-size-thumbnail'><dl class='gallery-item'>\n\t\t\t<dt class='gallery-icon portrait'>\n\t\t\t\t<a href='https:\/\/www.gencisil.com\/?attachment_id=29'><img width=\"150\" height=\"150\" src=\"https:\/\/www.gencisil.com\/wp-content\/uploads\/2014\/04\/t-035-150x150.jpg\" class=\"attachment-thumbnail size-thumbnail\" alt=\"\" loading=\"lazy\" \/><\/a>\n\t\t\t<\/dt><\/dl><dl class='gallery-item'>\n\t\t\t<dt class='gallery-icon portrait'>\n\t\t\t\t<a href='https:\/\/www.gencisil.com\/?attachment_id=30'><img width=\"150\" height=\"150\" src=\"https:\/\/www.gencisil.com\/wp-content\/uploads\/2014\/04\/t-036-150x150.jpg\" class=\"attachment-thumbnail size-thumbnail\" alt=\"\" loading=\"lazy\" \/><\/a>\n\t\t\t<\/dt><\/dl><dl class='gallery-item'>\n\t\t\t<dt class='gallery-icon portrait'>\n\t\t\t\t<a href='https:\/\/www.gencisil.com\/?attachment_id=32'><img width=\"150\" height=\"150\" src=\"https:\/\/www.gencisil.com\/wp-content\/uploads\/2014\/04\/t-037-150x150.jpg\" class=\"attachment-thumbnail size-thumbnail\" alt=\"\" loading=\"lazy\" \/><\/a>\n\t\t\t<\/dt><\/dl><br style=\"clear: both\" \/><dl class='gallery-item'>\n\t\t\t<dt class='gallery-icon portrait'>\n\t\t\t\t<a href='https:\/\/www.gencisil.com\/?attachment_id=33'><img width=\"150\" height=\"150\" src=\"https:\/\/www.gencisil.com\/wp-content\/uploads\/2014\/04\/t-038-150x150.jpg\" class=\"attachment-thumbnail size-thumbnail\" alt=\"\" loading=\"lazy\" \/><\/a>\n\t\t\t<\/dt><\/dl><dl class='gallery-item'>\n\t\t\t<dt class='gallery-icon portrait'>\n\t\t\t\t<a href='https:\/\/www.gencisil.com\/?attachment_id=34'><img width=\"150\" height=\"150\" src=\"https:\/\/www.gencisil.com\/wp-content\/uploads\/2014\/04\/t-039-150x150.jpg\" class=\"attachment-thumbnail size-thumbnail\" alt=\"\" loading=\"lazy\" \/><\/a>\n\t\t\t<\/dt><\/dl><dl class='gallery-item'>\n\t\t\t<dt class='gallery-icon portrait'>\n\t\t\t\t<a href='https:\/\/www.gencisil.com\/?attachment_id=35'><img width=\"150\" height=\"150\" src=\"https:\/\/www.gencisil.com\/wp-content\/uploads\/2014\/04\/t-040-150x150.jpg\" class=\"attachment-thumbnail size-thumbnail\" alt=\"\" loading=\"lazy\" \/><\/a>\n\t\t\t<\/dt><\/dl><br style=\"clear: both\" \/><dl class='gallery-item'>\n\t\t\t<dt class='gallery-icon portrait'>\n\t\t\t\t<a href='https:\/\/www.gencisil.com\/?attachment_id=36'><img width=\"150\" height=\"150\" src=\"https:\/\/www.gencisil.com\/wp-content\/uploads\/2014\/04\/t-041-150x150.jpg\" class=\"attachment-thumbnail size-thumbnail\" alt=\"\" loading=\"lazy\" \/><\/a>\n\t\t\t<\/dt><\/dl><dl class='gallery-item'>\n\t\t\t<dt class='gallery-icon portrait'>\n\t\t\t\t<a href='https:\/\/www.gencisil.com\/?attachment_id=37'><img width=\"150\" height=\"150\" src=\"https:\/\/www.gencisil.com\/wp-content\/uploads\/2014\/04\/t-042-150x150.jpg\" class=\"attachment-thumbnail size-thumbnail\" alt=\"\" loading=\"lazy\" \/><\/a>\n\t\t\t<\/dt><\/dl><dl class='gallery-item'>\n\t\t\t<dt class='gallery-icon portrait'>\n\t\t\t\t<a href='https:\/\/www.gencisil.com\/?attachment_id=38'><img width=\"150\" height=\"150\" src=\"https:\/\/www.gencisil.com\/wp-content\/uploads\/2014\/04\/t-043-150x150.jpg\" class=\"attachment-thumbnail size-thumbnail\" alt=\"\" loading=\"lazy\" \/><\/a>\n\t\t\t<\/dt><\/dl><br style=\"clear: both\" \/><dl class='gallery-item'>\n\t\t\t<dt class='gallery-icon portrait'>\n\t\t\t\t<a href='https:\/\/www.gencisil.com\/?attachment_id=39'><img width=\"150\" height=\"150\" src=\"https:\/\/www.gencisil.com\/wp-content\/uploads\/2014\/04\/t-044-150x150.jpg\" class=\"attachment-thumbnail size-thumbnail\" alt=\"\" loading=\"lazy\" \/><\/a>\n\t\t\t<\/dt><\/dl><dl class='gallery-item'>\n\t\t\t<dt class='gallery-icon portrait'>\n\t\t\t\t<a href='https:\/\/www.gencisil.com\/?attachment_id=40'><img width=\"150\" height=\"150\" src=\"https:\/\/www.gencisil.com\/wp-content\/uploads\/2014\/04\/t-045-150x150.jpg\" class=\"attachment-thumbnail size-thumbnail\" alt=\"\" loading=\"lazy\" \/><\/a>\n\t\t\t<\/dt><\/dl><dl class='gallery-item'>\n\t\t\t<dt class='gallery-icon portrait'>\n\t\t\t\t<a href='https:\/\/www.gencisil.com\/?attachment_id=41'><img width=\"150\" height=\"150\" src=\"https:\/\/www.gencisil.com\/wp-content\/uploads\/2014\/04\/t-046-150x150.jpg\" class=\"attachment-thumbnail size-thumbnail\" alt=\"\" loading=\"lazy\" \/><\/a>\n\t\t\t<\/dt><\/dl><br style=\"clear: both\" \/><dl class='gallery-item'>\n\t\t\t<dt class='gallery-icon portrait'>\n\t\t\t\t<a href='https:\/\/www.gencisil.com\/?attachment_id=42'><img width=\"150\" height=\"150\" src=\"https:\/\/www.gencisil.com\/wp-content\/uploads\/2014\/04\/t-047-150x150.jpg\" class=\"attachment-thumbnail size-thumbnail\" alt=\"\" loading=\"lazy\" \/><\/a>\n\t\t\t<\/dt><\/dl><dl class='gallery-item'>\n\t\t\t<dt class='gallery-icon portrait'>\n\t\t\t\t<a href='https:\/\/www.gencisil.com\/?attachment_id=43'><img width=\"150\" height=\"150\" src=\"https:\/\/www.gencisil.com\/wp-content\/uploads\/2014\/04\/t-048-150x150.jpg\" class=\"attachment-thumbnail size-thumbnail\" alt=\"\" loading=\"lazy\" \/><\/a>\n\t\t\t<\/dt><\/dl><dl class='gallery-item'>\n\t\t\t<dt class='gallery-icon portrait'>\n\t\t\t\t<a href='https:\/\/www.gencisil.com\/?attachment_id=44'><img width=\"150\" height=\"150\" src=\"https:\/\/www.gencisil.com\/wp-content\/uploads\/2014\/04\/t-049-150x150.jpg\" class=\"attachment-thumbnail size-thumbnail\" alt=\"\" loading=\"lazy\" \/><\/a>\n\t\t\t<\/dt><\/dl><br style=\"clear: both\" \/><dl class='gallery-item'>\n\t\t\t<dt class='gallery-icon portrait'>\n\t\t\t\t<a href='https:\/\/www.gencisil.com\/?attachment_id=45'><img width=\"150\" height=\"150\" src=\"https:\/\/www.gencisil.com\/wp-content\/uploads\/2014\/04\/t-050-150x150.jpg\" class=\"attachment-thumbnail size-thumbnail\" alt=\"\" loading=\"lazy\" \/><\/a>\n\t\t\t<\/dt><\/dl><dl class='gallery-item'>\n\t\t\t<dt class='gallery-icon portrait'>\n\t\t\t\t<a href='https:\/\/www.gencisil.com\/?attachment_id=46'><img width=\"150\" height=\"150\" src=\"https:\/\/www.gencisil.com\/wp-content\/uploads\/2014\/04\/t-051-150x150.jpg\" class=\"attachment-thumbnail size-thumbnail\" alt=\"\" loading=\"lazy\" \/><\/a>\n\t\t\t<\/dt><\/dl><dl class='gallery-item'>\n\t\t\t<dt class='gallery-icon portrait'>\n\t\t\t\t<a href='https:\/\/www.gencisil.com\/?attachment_id=47'><img width=\"150\" height=\"150\" src=\"https:\/\/www.gencisil.com\/wp-content\/uploads\/2014\/04\/t-052-150x150.jpg\" class=\"attachment-thumbnail size-thumbnail\" alt=\"\" loading=\"lazy\" \/><\/a>\n\t\t\t<\/dt><\/dl><br style=\"clear: both\" \/>\n\t\t<\/div>\n\n","protected":false},"excerpt":{"rendered":"","protected":false},"author":1,"featured_media":0,"parent":0,"menu_order":0,"comment_status":"closed","ping_status":"open","template":"template-portfolio.php","meta":[],"_links":{"self":[{"href":"https:\/\/www.gencisil.com\/index.php?rest_route=\/wp\/v2\/pages\/11"}],"collection":[{"href":"https:\/\/www.gencisil.com\/index.php?rest_route=\/wp\/v2\/pages"}],"about":[{"href":"https:\/\/www.gencisil.com\/index.php?rest_route=\/wp\/v2\/types\/page"}],"author":[{"embeddable":true,"href":"https:\/\/www.gencisil.com\/index.php?rest_route=\/wp\/v2\/users\/1"}],"replies":[{"embeddable":true,"href":"https:\/\/www.gencisil.com\/index.php?rest_route=%2Fwp%2Fv2%2Fcomments&post=11"}],"version-history":[{"count":4,"href":"https:\/\/www.gencisil.com\/index.php?rest_route=\/wp\/v2\/pages\/11\/revisions"}],"predecessor-version":[{"id":52,"href":"https:\/\/www.gencisil.com\/index.php?rest_route=\/wp\/v2\/pages\/11\/revisions\/52"}],"wp:attachment":[{"href":"https:\/\/www.gencisil.com\/index.php?rest_route=%2Fwp%2Fv2%2Fmedia&parent=11"}],"curies":[{"name":"wp","href":"https:\/\/api.w.org\/{rel}","templated":true}]}}